re the prime factors of 702546?
2, 3, 13, 9007
What are the prime factors of 14885?
5, 13, 229
List the prime factors of 566355.
3, 5, 17, 2221
List the prime factors of 730146.
2, 3, 73, 1667
List the prime factors of 1468493.
13, 37, 43, 71
List the prime factors of 1610229.
3, 536743
What are the prime factors of 1631632?
2, 101977
List the prime factors of 1106466.
2, 3, 29, 6359
What are the prime factors of 465742?
2, 232871
What are the prime factors of 190429?
53, 3593
List the prime factors of 183092.
2, 7, 13, 503
List the prime factors of 11705.
5, 2341
What are the prime factors of 1650448?
2, 29, 3557
List the prime factors of 615302.
2, 307651
What are the prime factors of 256684?
2, 64171
What are the prime factors of 15772182?
2, 3, 2628697
What are the prime factors of 482710?
2, 5, 48271
What are the prime factors of 322113?
3, 11, 43, 227
What are the prime factors of 103452?
2, 3, 37, 233
List the prime factors of 24657404.
2, 43, 143357
List the prime factors of 194042.
2, 97021
What are the prime factors of 24450837?
3, 8150279
What are the prime factors of 542241?
3, 7, 19, 151
List the prime factors of 2435506.
2, 1217753
List the prime factors of 14821861.
14821861
What are the prime factors of 7801646?
2, 23, 31, 5471
What are the prime factors of 266551?
19, 14029
What are the prime factors of 8602569?
3, 955841
List the prime factors of 501208.
2, 31, 43, 47
What are the prime factors of 2662718?
2, 431, 3089
What are the prime factors of 499859?
23, 103, 211
What are the prime factors of 1469817?
3, 197, 829
List the prime factors of 64477.
7, 61, 151
List the prime factors of 1150956.
2, 3, 10657
What are the prime factors of 1060768?
2, 33149
List the prime factors of 737757.
3, 81973
List the prime factors of 1144358.
2, 572179
List the prime factors of 6230090.
2, 5, 623009
What are the prime factors of 309171?
3, 257, 401
What are the prime factors of 487394?
2, 379, 643
List the prime factors of 182063.
7, 31, 839
What are the prime factors of 2500440?
2, 3, 5, 67, 311
What are the prime factors of 5090273?
41, 124153
List the prime factors of 18526.
2, 59, 157
List the prime factors of 7387744.
2, 7, 13, 43, 59
What are the prime factors of 379744?
2, 11867
List the prime factors of 96954.
2, 3, 11, 13, 113
What are the prime factors of 2894998?
2, 17, 85147
What are the prime factors of 235906?
2, 11, 10723
List the prime factors of 277669.
7, 39667
What are the prime factors of 7453945?
5, 1490789
List the prime factors of 129279.
3, 43093
List the prime factors of 53052.
2, 3, 4421
What are the prime factors of 142512?
2, 3, 2969
List the prime factors of 6683474.
2, 7, 569, 839
List the prime factors of 334704.
2, 3, 19, 367
What are the prime factors of 2568026?
2, 101, 12713
What are the prime factors of 280316?
2, 70079
What are the prime factors of 41922?
2, 3, 17, 137
What are the prime factors of 525807?
3, 37, 1579
What are the prime factors of 5794861?
31, 53, 3527
List the prime factors of 496394.
2, 19, 13063
What are the prime factors of 104980?
2, 5, 29, 181
What are the prime factors of 91981?
59, 1559
List the prime factors of 6462723.
3, 2154241
List the prime factors of 187286.
2, 11, 8513
What are the prime factors of 19408889?
149, 130261
What are the prime factors of 186083?
53, 3511
What are the prime factors of 1867020?
2, 3, 5, 29, 37
List the prime factors of 370503.
3, 7, 5881
What are the prime factors of 22686956?
2, 5671739
List the prime factors of 841709.
11, 76519
What are the prime factors of 31359581?
11, 2850871
What are the prime factors of 2185497?
3, 139, 1747
List the prime factors of 6676371.
3, 13, 23, 827
What are the prime factors of 585894?
2, 3, 97649
List the prime factors of 30004292.
2, 41, 182953
What are the prime factors of 2635073?
7, 53777
What are the prime factors of 502678?
2, 11, 73, 313
What are the prime factors of 558328?
2, 101, 691
What are the prime factors of 1646592?
2, 3, 67
List the prime factors of 9938284.
2, 2484571
List the prime factors of 289837.
289837
List the prime factors of 27499098.
2, 3, 11, 17, 24509
What are the prime factors of 4871596?
2, 1217899
What are the prime factors of 1361345?
5, 272269
What are the prime factors of 225277?
13, 31, 43
What are the prime factors of 100725?
3, 5, 17, 79
What are the prime factors of 325530?
2, 3, 5, 3617
List the prime factors of 227244.
2, 3, 29, 653
List the prime factors of 183033.
3, 6779
List the prime factors of 1923279.
3, 641093
List the prime factors of 1380007.
1380007
What are the prime factors of 5963791?
5963791
What are the prime factors of 803183?
23, 47, 743
List the prime factors of 9173246.
2, 137, 33479
What are the prime factors of 2549609?
17, 47, 3191
List the prime factors of 11942425.
5, 11, 43427
What are the prime factors of 4710073?
197, 23909
What are the prime factors of 295726?
2, 147863
What are the prime factors of 6287069?
277, 22697
List the prime factors of 1985602.
2, 992801
What are the prime factors of 43393?
7, 6199
List the prime factors of 63853.
63853
What are the prime factors of 205707?
3, 191, 359
What are the prime factors of 1033710?
2, 3, 5, 34457
List the prime factors of 25699.
31, 829
List the prime factors of 13862112.
2, 3, 11, 13127
List the prime factors of 183585.
3, 5, 12239
What are the prime factors of 942802?
2, 7, 67343
What are the prime factors of 2258724?
2, 3, 13, 14479
What are the prime factors of 678354?
2, 3, 167, 677
List the prime factors of 2603881.
7, 29, 101, 127
List the prime factors of 1917916.
2, 7, 11, 13, 479
List the prime factors of 3357793.
23, 145991
List the prime factors of 30543917.
17, 83, 21647
List the prime factors of 543509.
543509
What are the prime factors of 187451?
11, 17041
What are the prime factors of 37615550?
2, 5, 7, 107473
List the prime factors of 3804990.
2, 3, 5, 7, 18119
List the prime factors of 5766462.
2, 3, 13, 19, 1297
List the prime factors of 212421.
3, 11, 41, 157
What are the prime factors of 1228401?
3, 41, 3329
List the prime factors of 319461.
3, 106487
What are the prime factors of 382740?
2, 3, 5, 6379
What are the prime factors of 190699?
190699
List the prime factors of 2260445.
5, 11, 73, 563
List the prime factors of 100592.
2, 6287
List the prime factors of 1973755.
5, 7, 56393
What are the prime factors of 2569569?
3, 173, 4951
List the prime factors of 258110.
2, 5, 53, 487
List the prime factors of 6327906.
2, 3, 13, 31, 2617
What are the prime factors of 93757?
29, 53, 61
List the prime factors of 17448699.
3, 5816233
List the prime factors of 10144138.
2, 17, 19, 41, 383
What are the prime factors of 412596?
2, 3, 73, 157
What are the prime factors of 25607277?
3, 809, 3517
List the prime factors of 3088620.
2, 3, 5, 17159
What are the prime factors of 1109353?
7, 19, 439
List the prime factors of 1624612.
2, 11, 36923
What are the prime factors of 17490595?
5, 3498119
What are the prime factors of 1223867?
1223867
List the prime factors of 9399343.
1607, 5849
List the prime factors of 2504512.
2, 39133
List the prime factors of 1290304.
2, 20161
List the prime factors of 484884.
2, 3, 13469
What are the prime factors of 46563?
3, 11, 17, 83
What are the prime factors of 1052074?
2, 526037
List the prime factors of 240286.
2, 317, 379
What are the prime factors of 4953626?
2, 443, 5591
What are the prime factors of 222979?
222979
List the prime factors of 1901949.
3, 7, 41, 47
What are the prime factors of 1103007?
3, 19, 37, 523
What are the prime factors of 974624?
2, 7, 19, 229
What are the prime factors of 9531335?
5, 11, 173297
List the prime factors of 7494078.
2, 3, 1249013
What are the prime factors of 4371329?
17, 47, 5471
List the prime factors of 4807535.
5, 961507
What are the prime factors of 239274?
2, 3, 7, 211
List the prime factors of 517202.
2, 7, 36943
What are the prime factors of 339030?
2, 3, 5, 3767
List the prime factors of 2517557.
7, 19, 23, 823
List the prime factors of 57852.
2, 3, 1607
What are the prime factors of 475343?
11, 79, 547
What are the prime factors of 5209119?
3, 37, 15643
List the prime factors of 649820.
2, 5, 32491
List the prime factors of 5843699.
17, 139, 2473
List the prime factors of 8908580.
2, 5, 383